{"id":408,"date":"2024-09-25T13:25:53","date_gmt":"2024-09-25T13:25:53","guid":{"rendered":"https:\/\/dec-inzell-eishockey.wisto.cc\/?page_id=408"},"modified":"2024-10-22T09:57:53","modified_gmt":"2024-10-22T09:57:53","slug":"kimgauoldis","status":"publish","type":"page","link":"https:\/\/dec-inzell.de\/eishockey\/?page_id=408","title":{"rendered":"Chiemgau-Oldies"},"content":{"rendered":"\t\t<div data-elementor-type=\"wp-page\" data-elementor-id=\"408\" class=\"elementor elementor-408\" data-elementor-post-type=\"page\">\n\t\t\t\t<div class=\"elementor-element elementor-element-7760758a e-con-full e-flex e-con e-parent\" data-id=\"7760758a\" data-element_type=\"container\" data-settings=\"{&quot;background_background&quot;:&quot;classic&quot;}\">\n\t\t\t\t<div class=\"elementor-element elementor-element-3d66e7e4 elementor-widget elementor-widget-heading\" data-id=\"3d66e7e4\" data-element_type=\"widget\" data-widget_type=\"heading.default\">\n\t\t\t\t<div class=\"elementor-widget-container\">\n\t\t\t\t\t<h2 class=\"elementor-heading-title elementor-size-default\">Chiemgau Oldies <\/h2>\t\t\t\t<\/div>\n\t\t\t\t<\/div>\n\t\t\t\t<\/div>\n\t\t<div class=\"elementor-element elementor-element-eca7d9d e-flex e-con-boxed e-con e-parent\" data-id=\"eca7d9d\" data-element_type=\"container\" data-settings=\"{&quot;background_background&quot;:&quot;classic&quot;}\">\n\t\t\t\t\t<div class=\"e-con-inner\">\n\t\t<div class=\"elementor-element elementor-element-4966068 e-con-full e-flex e-con e-child\" data-id=\"4966068\" data-element_type=\"container\">\n\t\t\t\t<div class=\"elementor-element elementor-element-04617fc elementor-widget elementor-widget-heading\" data-id=\"04617fc\" data-element_type=\"widget\" data-widget_type=\"heading.default\">\n\t\t\t\t<div class=\"elementor-widget-container\">\n\t\t\t\t\t<h2 class=\"elementor-heading-title elementor-size-default\">chiemgau Oldies\n\n\n\n<\/h2>\t\t\t\t<\/div>\n\t\t\t\t<\/div>\n\t\t\t\t<div class=\"elementor-element elementor-element-848ee2a elementor-widget elementor-widget-text-editor\" data-id=\"848ee2a\" data-element_type=\"widget\" data-widget_type=\"text-editor.default\">\n\t\t\t\t<div class=\"elementor-widget-container\">\n\t\t\t\t\t\t\t\t\t<p><a href=\"http:\/\/www.chiemgau-oldies.de\/\">www.chiemgau-oldies.de<\/a><\/p>\t\t\t\t\t\t\t\t<\/div>\n\t\t\t\t<\/div>\n\t\t\t\t<\/div>\n\t\t<div class=\"elementor-element elementor-element-aa4a676 e-con-full e-flex e-con e-child\" data-id=\"aa4a676\" data-element_type=\"container\">\n\t\t\t\t<div class=\"elementor-element elementor-element-cf01615 elementor-widget elementor-widget-image\" data-id=\"cf01615\" data-element_type=\"widget\" data-widget_type=\"image.default\">\n\t\t\t\t<div class=\"elementor-widget-container\">\n\t\t\t\t\t\t\t\t\t\t\t\t\t\t\t<img fetchpriority=\"high\" decoding=\"async\" width=\"800\" height=\"800\" src=\"https:\/\/dec-inzell.de\/eishockey\/wp-content\/uploads\/2024\/10\/L_Logo-Chiemgau-Oldies-1024x1024.png\" class=\"attachment-large size-large wp-image-1364\" alt=\"\" srcset=\"https:\/\/dec-inzell.de\/eishockey\/wp-content\/uploads\/2024\/10\/L_Logo-Chiemgau-Oldies-1024x1024.png 1024w, https:\/\/dec-inzell.de\/eishockey\/wp-content\/uploads\/2024\/10\/L_Logo-Chiemgau-Oldies-300x300.png 300w, https:\/\/dec-inzell.de\/eishockey\/wp-content\/uploads\/2024\/10\/L_Logo-Chiemgau-Oldies-150x150.png 150w, https:\/\/dec-inzell.de\/eishockey\/wp-content\/uploads\/2024\/10\/L_Logo-Chiemgau-Oldies-768x768.png 768w, https:\/\/dec-inzell.de\/eishockey\/wp-content\/uploads\/2024\/10\/L_Logo-Chiemgau-Oldies-1536x1536.png 1536w, https:\/\/dec-inzell.de\/eishockey\/wp-content\/uploads\/2024\/10\/L_Logo-Chiemgau-Oldies-2048x2048.png 2048w, https:\/\/dec-inzell.de\/eishockey\/wp-content\/uploads\/2024\/10\/L_Logo-Chiemgau-Oldies-128x128.png 128w, https:\/\/dec-inzell.de\/eishockey\/wp-content\/uploads\/2024\/10\/L_Logo-Chiemgau-Oldies-32x32.png 32w\" sizes=\"(max-width: 800px) 100vw, 800px\" \/>\t\t\t\t\t\t\t\t\t\t\t\t\t\t\t<\/div>\n\t\t\t\t<\/div>\n\t\t\t\t<\/div>\n\t\t\t\t\t<\/div>\n\t\t\t\t<\/div>\n\t\t<div class=\"elementor-element elementor-element-92aab0a e-flex e-con-boxed e-con e-parent\" data-id=\"92aab0a\" data-element_type=\"container\" data-settings=\"{&quot;background_background&quot;:&quot;classic&quot;}\">\n\t\t\t\t\t<div class=\"e-con-inner\">\n\t\t\t\t<div class=\"elementor-element elementor-element-8147d11 elementor-widget elementor-widget-text-editor\" data-id=\"8147d11\" data-element_type=\"widget\" data-widget_type=\"text-editor.default\">\n\t\t\t\t<div class=\"elementor-widget-container\">\n\t\t\t\t\t\t\t\t\t<p>Die Chiemgau Oldies bildeten sich Ende der 1980er Jahre aus Spielern des DEC Frillensee Inzell und Spielern von umliegenden Vereinen.<\/p><p>Als Altherrenmannschaft nimmt man an vielen nationalen und internationalen Turnieren und Spielen teil.<\/p><p>Auch im Mutterland des Hockey\u00b4s &#8211; Kanada &#8211; sind die Oldies unterwegs.<\/p><p>Grunds\u00e4tzlich gilt f\u00fcr uns <strong>der Spa\u00df am Hockey<\/strong> und die <strong>Pflege der Gastfreundschaft zu nationalen, als auch internationalen Hockeymannschaften<\/strong>.<\/p><p>Wer uns gerne kennenlernen oder auch gegen uns Hockey spielen will, darf sich gerne an uns wenden.<\/p><p>Ansprechpartner: Walter H\u00e4chl <a href=\"mailto:chiemgauoldies@gmail.com\">chiemgauoldies@gmail.com<\/a><\/p>\t\t\t\t\t\t\t\t<\/div>\n\t\t\t\t<\/div>\n\t\t\t\t\t<\/div>\n\t\t\t\t<\/div>\n\t\t\t\t<\/div>\n\t\t","protected":false},"excerpt":{"rendered":"<p>Chiemgau Oldies chiemgau Oldies www.chiemgau-oldies.de Die Chiemgau Oldies bildeten sich Ende der 1980er Jahre aus Spielern des DEC Frillensee Inzell und Spielern von umliegenden Vereinen. Als Altherrenmannschaft nimmt man an vielen nationalen und internationalen Turnieren und Spielen teil. Auch im Mutterland des Hockey\u00b4s &#8211; Kanada &#8211; sind die Oldies unterwegs. Grunds\u00e4tzlich gilt f\u00fcr uns der [&hellip;]<\/p>\n","protected":false},"author":1,"featured_media":0,"parent":0,"menu_order":0,"comment_status":"closed","ping_status":"closed","template":"","meta":{"footnotes":""},"class_list":["post-408","page","type-page","status-publish","hentry"],"_links":{"self":[{"href":"https:\/\/dec-inzell.de\/eishockey\/index.php?rest_route=\/wp\/v2\/pages\/408","targetHints":{"allow":["GET"]}}],"collection":[{"href":"https:\/\/dec-inzell.de\/eishockey\/index.php?rest_route=\/wp\/v2\/pages"}],"about":[{"href":"https:\/\/dec-inzell.de\/eishockey\/index.php?rest_route=\/wp\/v2\/types\/page"}],"author":[{"embeddable":true,"href":"https:\/\/dec-inzell.de\/eishockey\/index.php?rest_route=\/wp\/v2\/users\/1"}],"replies":[{"embeddable":true,"href":"https:\/\/dec-inzell.de\/eishockey\/index.php?rest_route=%2Fwp%2Fv2%2Fcomments&post=408"}],"version-history":[{"count":17,"href":"https:\/\/dec-inzell.de\/eishockey\/index.php?rest_route=\/wp\/v2\/pages\/408\/revisions"}],"predecessor-version":[{"id":1766,"href":"https:\/\/dec-inzell.de\/eishockey\/index.php?rest_route=\/wp\/v2\/pages\/408\/revisions\/1766"}],"wp:attachment":[{"href":"https:\/\/dec-inzell.de\/eishockey\/index.php?rest_route=%2Fwp%2Fv2%2Fmedia&parent=408"}],"curies":[{"name":"wp","href":"https:\/\/api.w.org\/{rel}","templated":true}]}}